{"id":23,"date":"2018-11-03T17:41:02","date_gmt":"2018-11-03T17:41:02","guid":{"rendered":"http:\/\/hoermann.kuenstlerischetherapien.de\/?page_id=23"},"modified":"2023-06-27T10:48:41","modified_gmt":"2023-06-27T10:48:41","slug":"vita","status":"publish","type":"page","link":"https:\/\/hoermann.kuenstlerischetherapien.de\/?page_id=23","title":{"rendered":"Vita"},"content":{"rendered":"<p style=\"text-align: left;\">Karl H\u00f6rmann, Musik- und Tanzp\u00e4dagoge und Musik- und Tanztherapeut, Univ.-Prof. Dr. Dr., C4, mit drei Musikhochschulabschl\u00fcssen und Habilitation, Gymnasiallehrer mit 1. und 2. Staatsexamen, konzertierender Musiker, Heilpraktiker, Supervisor.<\/p>\n<p style=\"text-align: left;\">Gr\u00fcnder und em. Leiter des Vollzeit- und Weiterbildungsstudiums Musiktherapie an der Medizinischen Fakult\u00e4t der Universit\u00e4t M\u00fcnster und des Studiengangs \u201eK\u00fcnstlerische Therapien\u201c an der Karls-Universit\u00e4t Prag mit Lehrauftr\u00e4gen an der Medizinischen Fakult\u00e4t und Musikhochschule K\u00f6ln, am Institut f\u00fcr Sportwissenschaft der Universit\u00e4t M\u00fcnster und an der Sigmund Freud PrivatUniversit\u00e4t Wien.<\/p>\n<p>Em. vom Regierungspr\u00e4sidenten D\u00fcsseldorf berufenes Mitglied des Pr\u00fcfungsamts f\u00fcr die Staatliche Pr\u00fcfung f\u00fcr Musikschullehrer und selbstst\u00e4ndige Musiklehrer und des Pr\u00fcfungsamts f\u00fcr Kirchenmusiker.<\/p>\n<p>Im In- und Ausland von Ministerien, Wiss. Gesellschaften und Universit\u00e4ten beauftragter Gutachter f\u00fcr Forschungsprojekte, Studieng\u00e4nge, Promotionen und Habilitationen.<\/p>\n<p>Vom Wissenschaftsministerium in Stuttgart berufen als externer Gutachter f\u00fcr den Diplom-Studiengang Musiktherapie der privaten Fachhochschule Heidelberg (1986) und f\u00fcr den Kunsttherapiestudiengang an der privaten Fachhochschule N\u00fcrtingen (1987).<\/p>\n<p>Lehrgebiete Musik- und Tanzp\u00e4dagogik, -psychologie und -therapie.<\/p>\n<p>Nachweislich 1985 Sch\u00f6pfer der l\u00e4ngst etablierten Bezeichnung <a href=\"https:\/\/www.pabst-publishers.com\/shop-checkout\/detailansicht.html?tt_products%5BbackPID%5D=255&amp;tt_products%5Bproduct%5D=1867&amp;tt_products%5Bcat%5D=74&amp;cHash=fa6292cd495d6b81a4ba82f14163a1f7\">K\u00fcnstlerische Therapien<\/a>.<\/p>\n<p style=\"text-align: left;\">Herausgeber der 1987 gegr\u00fcndeten Zeitschrift f\u00fcr K\u00fcnstlerische Therapien MTK: <b><a href=\"http:\/\/www.psychologie-aktuell.com\/index.php?id=mtk\">Musik-, Tanz-, Kunsttherapie \u2013 Zeitschrift f\u00fcr k\u00fcnstlerische Therapien im Bildungs-, Sozial- und Gesundheitswesen<\/a><\/b>, seit 2017 in Farbe. Fr\u00fcher erschienene Beitr\u00e4ge mit vereinzelt farbigen Bildern k\u00f6nnen online eingesehen und heruntergeladen werden: https:\/\/www.hogrefe.com\/de\/zeitschrift\/musik-tanz-und-kunsttherapie.<\/p>\n<ul>\n<li>in <a href=\"https:\/\/de.wikipedia.org\/wiki\/Karl_H%C3%B6rmann_(Musiker)\">Wikipedia<\/a><\/li>\n<\/ul>\n<h5><span style=\"color: #737a99;\">Hier <span style=\"color: #808080;\">mein ausf\u00fchrlicherer<\/span><\/span><br \/><span style=\"color: #737a99;\"><a style=\"color: #737a99;\" href=\"http:\/\/www.tanzwissenschaft.de\/vita.htm\">Lebenslauf\u00a0<\/a>\u00a0<\/span><\/h5>\n\n\n<p class=\"has-small-font-size\">&#8222;Wenn Jemand eine Reise thut,<br>So kann er was erz\u00e4hlen;<br>Drum nahm ich meinen Stock und Hut<br>Und th\u00e4t das Reisen w\u00e4hlen..&#8220;<br>(<em>Matthias Claudius, 1740 \u2013 1815<\/em>)<\/p>\n\n\n\n<h5 class=\"wp-block-heading\">Einige <a href=\"http:\/\/bkt.blog.muenster.org\/?page_id=221\">Erinnerungen<\/a> <\/h5>\n\n\n\n<p>&#8222;Musica est ancilla philosophiae&#8220;<\/p>\n\n\n\n<p><\/p>\n","protected":false},"excerpt":{"rendered":"<p>Karl H\u00f6rmann, Musik- und Tanzp\u00e4dagoge und Musik- und Tanztherapeut, Univ.-Prof. Dr. Dr., C4, mit drei Musikhochschulabschl\u00fcssen und Habilitation, Gymnasiallehrer mit 1. und 2. Staatsexamen, konzertierender Musiker, Heilpraktiker, Supervisor. Gr\u00fcnder und em. Leiter des Vollzeit- und Weiterbildungsstudiums Musiktherapie an der Medizinischen Fakult\u00e4t der Universit\u00e4t M\u00fcnster und des Studiengangs \u201eK\u00fcnstlerische Therapien\u201c an der Karls-Universit\u00e4t Prag mit Lehrauftr\u00e4gen &hellip; <a href=\"https:\/\/hoermann.kuenstlerischetherapien.de\/?page_id=23\" class=\"more-link\"><span class=\"screen-reader-text\">\u201eVita\u201c <\/span>weiterlesen<\/a><\/p>\n","protected":false},"author":1,"featured_media":0,"parent":0,"menu_order":0,"comment_status":"closed","ping_status":"closed","template":"","meta":{"footnotes":""},"class_list":["post-23","page","type-page","status-publish","hentry"],"yoast_head":"<!-- This site is optimized with the Yoast SEO plugin v26.6 - https:\/\/yoast.com\/wordpress\/plugins\/seo\/ -->\n<title>Vita - Karl H\u00f6rmann<\/title>\n<meta name=\"robots\" content=\"index, follow, max-snippet:-1, max-image-preview:large, max-video-preview:-1\" \/>\n<link rel=\"canonical\" href=\"https:\/\/hoermann.kuenstlerischetherapien.de\/?page_id=23\" \/>\n<meta property=\"og:locale\" content=\"de_DE\" \/>\n<meta property=\"og:type\" content=\"article\" \/>\n<meta property=\"og:title\" content=\"Vita - Karl H\u00f6rmann\" \/>\n<meta property=\"og:description\" content=\"Karl H\u00f6rmann, Musik- und Tanzp\u00e4dagoge und Musik- und Tanztherapeut, Univ.-Prof. Dr. Dr., C4, mit drei Musikhochschulabschl\u00fcssen und Habilitation, Gymnasiallehrer mit 1. und 2. Staatsexamen, konzertierender Musiker, Heilpraktiker, Supervisor. Gr\u00fcnder und em. Leiter des Vollzeit- und Weiterbildungsstudiums Musiktherapie an der Medizinischen Fakult\u00e4t der Universit\u00e4t M\u00fcnster und des Studiengangs \u201eK\u00fcnstlerische Therapien\u201c an der Karls-Universit\u00e4t Prag mit Lehrauftr\u00e4gen &hellip; \u201eVita\u201c weiterlesen\" \/>\n<meta property=\"og:url\" content=\"https:\/\/hoermann.kuenstlerischetherapien.de\/?page_id=23\" \/>\n<meta property=\"og:site_name\" content=\"Karl H\u00f6rmann\" \/>\n<meta property=\"article:modified_time\" content=\"2023-06-27T10:48:41+00:00\" \/>\n<meta name=\"twitter:card\" content=\"summary_large_image\" \/>\n<meta name=\"twitter:label1\" content=\"Gesch\u00e4tzte Lesezeit\" \/>\n\t<meta name=\"twitter:data1\" content=\"2\u00a0Minuten\" \/>\n<script type=\"application\/ld+json\" class=\"yoast-schema-graph\">{\"@context\":\"https:\/\/schema.org\",\"@graph\":[{\"@type\":\"WebPage\",\"@id\":\"https:\/\/hoermann.kuenstlerischetherapien.de\/?page_id=23\",\"url\":\"https:\/\/hoermann.kuenstlerischetherapien.de\/?page_id=23\",\"name\":\"Vita - Karl H\u00f6rmann\",\"isPartOf\":{\"@id\":\"https:\/\/hoermann.kuenstlerischetherapien.de\/#website\"},\"datePublished\":\"2018-11-03T17:41:02+00:00\",\"dateModified\":\"2023-06-27T10:48:41+00:00\",\"breadcrumb\":{\"@id\":\"https:\/\/hoermann.kuenstlerischetherapien.de\/?page_id=23#breadcrumb\"},\"inLanguage\":\"de\",\"potentialAction\":[{\"@type\":\"ReadAction\",\"target\":[\"https:\/\/hoermann.kuenstlerischetherapien.de\/?page_id=23\"]}]},{\"@type\":\"BreadcrumbList\",\"@id\":\"https:\/\/hoermann.kuenstlerischetherapien.de\/?page_id=23#breadcrumb\",\"itemListElement\":[{\"@type\":\"ListItem\",\"position\":1,\"name\":\"Startseite\",\"item\":\"https:\/\/hoermann.kuenstlerischetherapien.de\/\"},{\"@type\":\"ListItem\",\"position\":2,\"name\":\"Vita\"}]},{\"@type\":\"WebSite\",\"@id\":\"https:\/\/hoermann.kuenstlerischetherapien.de\/#website\",\"url\":\"https:\/\/hoermann.kuenstlerischetherapien.de\/\",\"name\":\"Karl H\u00f6rmann\",\"description\":\"Vielen Dank f\u00fcr Ihren Besuch!\",\"publisher\":{\"@id\":\"https:\/\/hoermann.kuenstlerischetherapien.de\/#\/schema\/person\/ad6f67d6b68e42a4e16ce45c29cb04fa\"},\"potentialAction\":[{\"@type\":\"SearchAction\",\"target\":{\"@type\":\"EntryPoint\",\"urlTemplate\":\"https:\/\/hoermann.kuenstlerischetherapien.de\/?s={search_term_string}\"},\"query-input\":{\"@type\":\"PropertyValueSpecification\",\"valueRequired\":true,\"valueName\":\"search_term_string\"}}],\"inLanguage\":\"de\"},{\"@type\":[\"Person\",\"Organization\"],\"@id\":\"https:\/\/hoermann.kuenstlerischetherapien.de\/#\/schema\/person\/ad6f67d6b68e42a4e16ce45c29cb04fa\",\"name\":\"hoermann\",\"image\":{\"@type\":\"ImageObject\",\"inLanguage\":\"de\",\"@id\":\"https:\/\/hoermann.kuenstlerischetherapien.de\/#\/schema\/person\/image\/\",\"url\":\"https:\/\/secure.gravatar.com\/avatar\/6c18c2e8018c28461079c3bcf12403520d10f3436982823d4db58c42987cf6e1?s=96&d=mm&r=g\",\"contentUrl\":\"https:\/\/secure.gravatar.com\/avatar\/6c18c2e8018c28461079c3bcf12403520d10f3436982823d4db58c42987cf6e1?s=96&d=mm&r=g\",\"caption\":\"hoermann\"},\"logo\":{\"@id\":\"https:\/\/hoermann.kuenstlerischetherapien.de\/#\/schema\/person\/image\/\"},\"sameAs\":[\"http:\/\/www.karl-hoermann.de\"]}]}<\/script>\n<!-- \/ Yoast SEO plugin. -->","yoast_head_json":{"title":"Vita - Karl H\u00f6rmann","robots":{"index":"index","follow":"follow","max-snippet":"max-snippet:-1","max-image-preview":"max-image-preview:large","max-video-preview":"max-video-preview:-1"},"canonical":"https:\/\/hoermann.kuenstlerischetherapien.de\/?page_id=23","og_locale":"de_DE","og_type":"article","og_title":"Vita - Karl H\u00f6rmann","og_description":"Karl H\u00f6rmann, Musik- und Tanzp\u00e4dagoge und Musik- und Tanztherapeut, Univ.-Prof. Dr. Dr., C4, mit drei Musikhochschulabschl\u00fcssen und Habilitation, Gymnasiallehrer mit 1. und 2. Staatsexamen, konzertierender Musiker, Heilpraktiker, Supervisor. Gr\u00fcnder und em. Leiter des Vollzeit- und Weiterbildungsstudiums Musiktherapie an der Medizinischen Fakult\u00e4t der Universit\u00e4t M\u00fcnster und des Studiengangs \u201eK\u00fcnstlerische Therapien\u201c an der Karls-Universit\u00e4t Prag mit Lehrauftr\u00e4gen &hellip; \u201eVita\u201c weiterlesen","og_url":"https:\/\/hoermann.kuenstlerischetherapien.de\/?page_id=23","og_site_name":"Karl H\u00f6rmann","article_modified_time":"2023-06-27T10:48:41+00:00","twitter_card":"summary_large_image","twitter_misc":{"Gesch\u00e4tzte Lesezeit":"2\u00a0Minuten"},"schema":{"@context":"https:\/\/schema.org","@graph":[{"@type":"WebPage","@id":"https:\/\/hoermann.kuenstlerischetherapien.de\/?page_id=23","url":"https:\/\/hoermann.kuenstlerischetherapien.de\/?page_id=23","name":"Vita - Karl H\u00f6rmann","isPartOf":{"@id":"https:\/\/hoermann.kuenstlerischetherapien.de\/#website"},"datePublished":"2018-11-03T17:41:02+00:00","dateModified":"2023-06-27T10:48:41+00:00","breadcrumb":{"@id":"https:\/\/hoermann.kuenstlerischetherapien.de\/?page_id=23#breadcrumb"},"inLanguage":"de","potentialAction":[{"@type":"ReadAction","target":["https:\/\/hoermann.kuenstlerischetherapien.de\/?page_id=23"]}]},{"@type":"BreadcrumbList","@id":"https:\/\/hoermann.kuenstlerischetherapien.de\/?page_id=23#breadcrumb","itemListElement":[{"@type":"ListItem","position":1,"name":"Startseite","item":"https:\/\/hoermann.kuenstlerischetherapien.de\/"},{"@type":"ListItem","position":2,"name":"Vita"}]},{"@type":"WebSite","@id":"https:\/\/hoermann.kuenstlerischetherapien.de\/#website","url":"https:\/\/hoermann.kuenstlerischetherapien.de\/","name":"Karl H\u00f6rmann","description":"Vielen Dank f\u00fcr Ihren Besuch!","publisher":{"@id":"https:\/\/hoermann.kuenstlerischetherapien.de\/#\/schema\/person\/ad6f67d6b68e42a4e16ce45c29cb04fa"},"potentialAction":[{"@type":"SearchAction","target":{"@type":"EntryPoint","urlTemplate":"https:\/\/hoermann.kuenstlerischetherapien.de\/?s={search_term_string}"},"query-input":{"@type":"PropertyValueSpecification","valueRequired":true,"valueName":"search_term_string"}}],"inLanguage":"de"},{"@type":["Person","Organization"],"@id":"https:\/\/hoermann.kuenstlerischetherapien.de\/#\/schema\/person\/ad6f67d6b68e42a4e16ce45c29cb04fa","name":"hoermann","image":{"@type":"ImageObject","inLanguage":"de","@id":"https:\/\/hoermann.kuenstlerischetherapien.de\/#\/schema\/person\/image\/","url":"https:\/\/secure.gravatar.com\/avatar\/6c18c2e8018c28461079c3bcf12403520d10f3436982823d4db58c42987cf6e1?s=96&d=mm&r=g","contentUrl":"https:\/\/secure.gravatar.com\/avatar\/6c18c2e8018c28461079c3bcf12403520d10f3436982823d4db58c42987cf6e1?s=96&d=mm&r=g","caption":"hoermann"},"logo":{"@id":"https:\/\/hoermann.kuenstlerischetherapien.de\/#\/schema\/person\/image\/"},"sameAs":["http:\/\/www.karl-hoermann.de"]}]}},"_links":{"self":[{"href":"https:\/\/hoermann.kuenstlerischetherapien.de\/index.php?rest_route=\/wp\/v2\/pages\/23","targetHints":{"allow":["GET"]}}],"collection":[{"href":"https:\/\/hoermann.kuenstlerischetherapien.de\/index.php?rest_route=\/wp\/v2\/pages"}],"about":[{"href":"https:\/\/hoermann.kuenstlerischetherapien.de\/index.php?rest_route=\/wp\/v2\/types\/page"}],"author":[{"embeddable":true,"href":"https:\/\/hoermann.kuenstlerischetherapien.de\/index.php?rest_route=\/wp\/v2\/users\/1"}],"replies":[{"embeddable":true,"href":"https:\/\/hoermann.kuenstlerischetherapien.de\/index.php?rest_route=%2Fwp%2Fv2%2Fcomments&post=23"}],"version-history":[{"count":1,"href":"https:\/\/hoermann.kuenstlerischetherapien.de\/index.php?rest_route=\/wp\/v2\/pages\/23\/revisions"}],"predecessor-version":[{"id":540,"href":"https:\/\/hoermann.kuenstlerischetherapien.de\/index.php?rest_route=\/wp\/v2\/pages\/23\/revisions\/540"}],"wp:attachment":[{"href":"https:\/\/hoermann.kuenstlerischetherapien.de\/index.php?rest_route=%2Fwp%2Fv2%2Fmedia&parent=23"}],"curies":[{"name":"wp","href":"https:\/\/api.w.org\/{rel}","templated":true}]}}

<p style="text-align: left;">Karl Hörmann, Musik- und Tanzpädagoge und Musik- und Tanztherapeut, Univ.-Prof. Dr. Dr., C4, mit drei Musikhochschulabschlüssen und Habilitation, Gymnasiallehrer mit 1. und 2. Staatsexamen, konzertierender Musiker, Heilpraktiker, Supervisor.</p>
<p style="text-align: left;">Gründer und em. Leiter des Vollzeit- und Weiterbildungsstudiums Musiktherapie an der Medizinischen Fakultät der Universität Münster und des Studiengangs „Künstlerische Therapien“ an der Karls-Universität Prag mit Lehraufträgen an der Medizinischen Fakultät und Musikhochschule Köln, am Institut für Sportwissenschaft der Universität Münster und an der Sigmund Freud PrivatUniversität Wien.</p>
<p>Em. vom Regierungspräsidenten Düsseldorf berufenes Mitglied des Prüfungsamts für die Staatliche Prüfung für Musikschullehrer und selbstständige Musiklehrer und des Prüfungsamts für Kirchenmusiker.</p>
<p>Im In- und Ausland von Ministerien, Wiss. Gesellschaften und Universitäten beauftragter Gutachter für Forschungsprojekte, Studiengänge, Promotionen und Habilitationen.</p>
<p>Vom Wissenschaftsministerium in Stuttgart berufen als externer Gutachter für den Diplom-Studiengang Musiktherapie der privaten Fachhochschule Heidelberg (1986) und für den Kunsttherapiestudiengang an der privaten Fachhochschule Nürtingen (1987).</p>
<p>Lehrgebiete Musik- und Tanzpädagogik, -psychologie und -therapie.</p>
<p>Nachweislich 1985 Schöpfer der längst etablierten Bezeichnung <a href="https://www.pabst-publishers.com/shop-checkout/detailansicht.html?tt_products%5BbackPID%5D=255&amp;tt_products%5Bproduct%5D=1867&amp;tt_products%5Bcat%5D=74&amp;cHash=fa6292cd495d6b81a4ba82f14163a1f7">Künstlerische Therapien</a>.</p>
<p style="text-align: left;">Herausgeber der 1987 gegründeten Zeitschrift für Künstlerische Therapien MTK: <b><a href="http://www.psychologie-aktuell.com/index.php?id=mtk">Musik-, Tanz-, Kunsttherapie – Zeitschrift für künstlerische Therapien im Bildungs-, Sozial- und Gesundheitswesen</a></b>, seit 2017 in Farbe. Früher erschienene Beiträge mit vereinzelt farbigen Bildern können online eingesehen und heruntergeladen werden: https://www.hogrefe.com/de/zeitschrift/musik-tanz-und-kunsttherapie.</p>
<ul>
<li>in <a href="https://de.wikipedia.org/wiki/Karl_H%C3%B6rmann_(Musiker)">Wikipedia</a></li>
</ul>
<h5><span style="color: #737a99;">Hier <span style="color: #808080;">mein ausführlicherer</span></span><br /><span style="color: #737a99;"><a style="color: #737a99;" href="http://www.tanzwissenschaft.de/vita.htm">Lebenslauf </a> </span></h5>


<p class="has-small-font-size">&#8222;Wenn Jemand eine Reise thut,<br>So kann er was erzählen;<br>Drum nahm ich meinen Stock und Hut<br>Und thät das Reisen wählen..&#8220;<br>(<em>Matthias Claudius, 1740 – 1815</em>)</p>



<h5 class="wp-block-heading">Einige <a href="http://bkt.blog.muenster.org/?page_id=221">Erinnerungen</a> </h5>



<p>&#8222;Musica est ancilla philosophiae&#8220;</p>



<p></p>

<p>Karl Hörmann, Musik- und Tanzpädagoge und Musik- und Tanztherapeut, Univ.-Prof. Dr. Dr., C4, mit drei Musikhochschulabschlüssen und Habilitation, Gymnasiallehrer mit 1. und 2. Staatsexamen, konzertierender Musiker, Heilpraktiker, Supervisor. Gründer und em. Leiter des Vollzeit- und Weiterbildungsstudiums Musiktherapie an der Medizinischen Fakultät der Universität Münster und des Studiengangs „Künstlerische Therapien“ an der Karls-Universität Prag mit Lehraufträgen &hellip; <a href="https://hoermann.kuenstlerischetherapien.de/?page_id=23" class="more-link"><span class="screen-reader-text">„Vita“ </span>weiterlesen</a></p>

<!-- This site is optimized with the Yoast SEO plugin v26.6 - https://yoast.com/wordpress/plugins/seo/ -->
<title>Vita - Karl Hörmann</title>
<meta name="robots" content="index, follow, max-snippet:-1, max-image-preview:large, max-video-preview:-1" />
<link rel="canonical" href="https://hoermann.kuenstlerischetherapien.de/?page_id=23" />
<meta property="og:locale" content="de_DE" />
<meta property="og:type" content="article" />
<meta property="og:title" content="Vita - Karl Hörmann" />
<meta property="og:description" content="Karl Hörmann, Musik- und Tanzpädagoge und Musik- und Tanztherapeut, Univ.-Prof. Dr. Dr., C4, mit drei Musikhochschulabschlüssen und Habilitation, Gymnasiallehrer mit 1. und 2. Staatsexamen, konzertierender Musiker, Heilpraktiker, Supervisor. Gründer und em. Leiter des Vollzeit- und Weiterbildungsstudiums Musiktherapie an der Medizinischen Fakultät der Universität Münster und des Studiengangs „Künstlerische Therapien“ an der Karls-Universität Prag mit Lehraufträgen &hellip; „Vita“ weiterlesen" />
<meta property="og:url" content="https://hoermann.kuenstlerischetherapien.de/?page_id=23" />
<meta property="og:site_name" content="Karl Hörmann" />
<meta property="article:modified_time" content="2023-06-27T10:48:41+00:00" />
<meta name="twitter:card" content="summary_large_image" />
<meta name="twitter:label1" content="Geschätzte Lesezeit" />
	<meta name="twitter:data1" content="2 Minuten" />
<script type="application/ld+json" class="yoast-schema-graph">{"@context":"https://schema.org","@graph":[{"@type":"WebPage","@id":"https://hoermann.kuenstlerischetherapien.de/?page_id=23","url":"https://hoermann.kuenstlerischetherapien.de/?page_id=23","name":"Vita - Karl Hörmann","isPartOf":{"@id":"https://hoermann.kuenstlerischetherapien.de/#website"},"datePublished":"2018-11-03T17:41:02+00:00","dateModified":"2023-06-27T10:48:41+00:00","breadcrumb":{"@id":"https://hoermann.kuenstlerischetherapien.de/?page_id=23#breadcrumb"},"inLanguage":"de","potentialAction":[{"@type":"ReadAction","target":["https://hoermann.kuenstlerischetherapien.de/?page_id=23"]}]},{"@type":"BreadcrumbList","@id":"https://hoermann.kuenstlerischetherapien.de/?page_id=23#breadcrumb","itemListElement":[{"@type":"ListItem","position":1,"name":"Startseite","item":"https://hoermann.kuenstlerischetherapien.de/"},{"@type":"ListItem","position":2,"name":"Vita"}]},{"@type":"WebSite","@id":"https://hoermann.kuenstlerischetherapien.de/#website","url":"https://hoermann.kuenstlerischetherapien.de/","name":"Karl Hörmann","description":"Vielen Dank für Ihren Besuch!","publisher":{"@id":"https://hoermann.kuenstlerischetherapien.de/#/schema/person/ad6f67d6b68e42a4e16ce45c29cb04fa"},"potentialAction":[{"@type":"SearchAction","target":{"@type":"EntryPoint","urlTemplate":"https://hoermann.kuenstlerischetherapien.de/?s={search_term_string}"},"query-input":{"@type":"PropertyValueSpecification","valueRequired":true,"valueName":"search_term_string"}}],"inLanguage":"de"},{"@type":["Person","Organization"],"@id":"https://hoermann.kuenstlerischetherapien.de/#/schema/person/ad6f67d6b68e42a4e16ce45c29cb04fa","name":"hoermann","image":{"@type":"ImageObject","inLanguage":"de","@id":"https://hoermann.kuenstlerischetherapien.de/#/schema/person/image/","url":"https://secure.gravatar.com/avatar/6c18c2e8018c28461079c3bcf12403520d10f3436982823d4db58c42987cf6e1?s=96&d=mm&r=g","contentUrl":"https://secure.gravatar.com/avatar/6c18c2e8018c28461079c3bcf12403520d10f3436982823d4db58c42987cf6e1?s=96&d=mm&r=g","caption":"hoermann"},"logo":{"@id":"https://hoermann.kuenstlerischetherapien.de/#/schema/person/image/"},"sameAs":["http://www.karl-hoermann.de"]}]}</script>
<!-- / Yoast SEO plugin. -->

Vita - Karl Hörmann

Karl Hörmann, Musik- und Tanzpädagoge und Musik- und Tanztherapeut, Univ.-Prof. Dr. Dr., C4, mit drei Musikhochschulabschlüssen und Habilitation, Gymnasiallehrer mit 1. und 2. Staatsexamen, konzertierender Musiker, Heilpraktiker, Supervisor. Gründer und em. Leiter des Vollzeit- und Weiterbildungsstudiums Musiktherapie an der Medizinischen Fakultät der Universität Münster und des Studiengangs „Künstlerische Therapien“ an der Karls-Universität Prag mit Lehraufträgen &hellip; „Vita“ weiterlesen

Karl Hörmann

Vielen Dank für Ihren Besuch!
