{"id":35,"date":"2018-11-03T17:43:50","date_gmt":"2018-11-03T17:43:50","guid":{"rendered":"http:\/\/hoermann.kuenstlerischetherapien.de\/?page_id=35"},"modified":"2026-01-04T14:22:19","modified_gmt":"2026-01-04T14:22:19","slug":"wiss-ges-kuenstlerische-gesellschaft","status":"publish","type":"page","link":"https:\/\/hoermann.kuenstlerischetherapien.de\/?page_id=35","title":{"rendered":"Verband"},"content":{"rendered":"\n<p><span style=\"color: #757fa1;\">Ergebnisse meines jahrzehntelangen Engagements f\u00fcr die k\u00fcnstlerischen Therapien mit vielen ebenso engagierten KollegInnen und Weggef\u00e4hrtInnen sind hier zu entnehmen:<\/span><\/p>\n\n\n\n<h3 class=\"wp-block-heading\"><a href=\"http:\/\/www.kuenstlerischetherapien.de\">www.kuenstlerischetherapien.de<\/a><\/h3>\n\n\n\n<h5 class=\"wp-block-heading\"><a href=\"http:\/\/bkt.blog.muenster.org\/wp-content\/uploads\/sites\/12\/2026\/01\/Musiktherapie-in-Muenster.pdf\"><span style=\"color: #7486a1;\">Kurze Geschichte der Aus- und Weiterbildung in K\u00fcnstlerischen Therapien&nbsp;<\/span><span style=\"color: #7486a1;\">aus pers\u00f6nlicher Erinnerung<\/span><\/a><\/h5>\n\n\n\n<p>siehe auch <a href=\"http:\/\/bkt.blog.muenster.org\/wp-content\/uploads\/sites\/12\/2018\/11\/Musiktherapie-Konzerte-gedreht.pdf\"><em><span style=\"text-decoration: underline\">Dokumente<\/span><\/em><\/a> zur Musiktherapie<\/p>\n\n\n\n<p>&#8222;Der Zweck der Kunst ist nicht die Ausl\u00f6sung einer kurzzeitigen Adrenalinaussch\u00fcttung, sondern vielmehr die allm\u00e4hliche, ein Leben dauernde Schaffung eines Zustands des Staunens und der Heiterkeit.&#8220; (Glenn Gould)<br>[Stangl, W. (2021). Stichwort: &#8218;<em>Kunstpsychologie \u2013 Online Lexikon f\u00fcr Psychologie und P\u00e4dagogik&#8216;.<\/em>&nbsp;Online Lexikon f\u00fcr Psychologie und P\u00e4dagogik. www:&nbsp;<a href=\"https:\/\/lexikon.stangl.eu\/20416\/kunstpsychologie\">https:\/\/lexikon.stangl.eu\/20416\/kunstpsychologie<\/a>&nbsp;(2021-04-08)]<\/p>\n","protected":false},"excerpt":{"rendered":"<p>Ergebnisse meines jahrzehntelangen Engagements f\u00fcr die k\u00fcnstlerischen Therapien mit vielen ebenso engagierten KollegInnen und Weggef\u00e4hrtInnen sind hier zu entnehmen: www.kuenstlerischetherapien.de Kurze Geschichte der Aus- und Weiterbildung in K\u00fcnstlerischen Therapien&nbsp;aus pers\u00f6nlicher Erinnerung siehe auch Dokumente zur Musiktherapie &#8222;Der Zweck der Kunst ist nicht die Ausl\u00f6sung einer kurzzeitigen Adrenalinaussch\u00fcttung, sondern vielmehr die allm\u00e4hliche, ein Leben dauernde Schaffung &hellip; <a href=\"https:\/\/hoermann.kuenstlerischetherapien.de\/?page_id=35\" class=\"more-link\"><span class=\"screen-reader-text\">\u201eVerband\u201c <\/span>weiterlesen<\/a><\/p>\n","protected":false},"author":1,"featured_media":0,"parent":0,"menu_order":0,"comment_status":"closed","ping_status":"closed","template":"","meta":{"footnotes":""},"class_list":["post-35","page","type-page","status-publish","hentry"],"yoast_head":"<!-- This site is optimized with the Yoast SEO plugin v26.6 - https:\/\/yoast.com\/wordpress\/plugins\/seo\/ -->\n<title>Verband - Karl H\u00f6rmann<\/title>\n<meta name=\"robots\" content=\"index, follow, max-snippet:-1, max-image-preview:large, max-video-preview:-1\" \/>\n<link rel=\"canonical\" href=\"https:\/\/hoermann.kuenstlerischetherapien.de\/?page_id=35\" \/>\n<meta property=\"og:locale\" content=\"de_DE\" \/>\n<meta property=\"og:type\" content=\"article\" \/>\n<meta property=\"og:title\" content=\"Verband - Karl H\u00f6rmann\" \/>\n<meta property=\"og:description\" content=\"Ergebnisse meines jahrzehntelangen Engagements f\u00fcr die k\u00fcnstlerischen Therapien mit vielen ebenso engagierten KollegInnen und Weggef\u00e4hrtInnen sind hier zu entnehmen: www.kuenstlerischetherapien.de Kurze Geschichte der Aus- und Weiterbildung in K\u00fcnstlerischen Therapien&nbsp;aus pers\u00f6nlicher Erinnerung siehe auch Dokumente zur Musiktherapie &#8222;Der Zweck der Kunst ist nicht die Ausl\u00f6sung einer kurzzeitigen Adrenalinaussch\u00fcttung, sondern vielmehr die allm\u00e4hliche, ein Leben dauernde Schaffung &hellip; \u201eVerband\u201c weiterlesen\" \/>\n<meta property=\"og:url\" content=\"https:\/\/hoermann.kuenstlerischetherapien.de\/?page_id=35\" \/>\n<meta property=\"og:site_name\" content=\"Karl H\u00f6rmann\" \/>\n<meta property=\"article:modified_time\" content=\"2026-01-04T14:22:19+00:00\" \/>\n<meta name=\"twitter:card\" content=\"summary_large_image\" \/>\n<meta name=\"twitter:label1\" content=\"Gesch\u00e4tzte Lesezeit\" \/>\n\t<meta name=\"twitter:data1\" content=\"1\u00a0Minute\" \/>\n<script type=\"application\/ld+json\" class=\"yoast-schema-graph\">{\"@context\":\"https:\/\/schema.org\",\"@graph\":[{\"@type\":\"WebPage\",\"@id\":\"https:\/\/hoermann.kuenstlerischetherapien.de\/?page_id=35\",\"url\":\"https:\/\/hoermann.kuenstlerischetherapien.de\/?page_id=35\",\"name\":\"Verband - Karl H\u00f6rmann\",\"isPartOf\":{\"@id\":\"https:\/\/hoermann.kuenstlerischetherapien.de\/#website\"},\"datePublished\":\"2018-11-03T17:43:50+00:00\",\"dateModified\":\"2026-01-04T14:22:19+00:00\",\"breadcrumb\":{\"@id\":\"https:\/\/hoermann.kuenstlerischetherapien.de\/?page_id=35#breadcrumb\"},\"inLanguage\":\"de\",\"potentialAction\":[{\"@type\":\"ReadAction\",\"target\":[\"https:\/\/hoermann.kuenstlerischetherapien.de\/?page_id=35\"]}]},{\"@type\":\"BreadcrumbList\",\"@id\":\"https:\/\/hoermann.kuenstlerischetherapien.de\/?page_id=35#breadcrumb\",\"itemListElement\":[{\"@type\":\"ListItem\",\"position\":1,\"name\":\"Startseite\",\"item\":\"https:\/\/hoermann.kuenstlerischetherapien.de\/\"},{\"@type\":\"ListItem\",\"position\":2,\"name\":\"Verband\"}]},{\"@type\":\"WebSite\",\"@id\":\"https:\/\/hoermann.kuenstlerischetherapien.de\/#website\",\"url\":\"https:\/\/hoermann.kuenstlerischetherapien.de\/\",\"name\":\"Karl H\u00f6rmann\",\"description\":\"Vielen Dank f\u00fcr Ihren Besuch!\",\"publisher\":{\"@id\":\"https:\/\/hoermann.kuenstlerischetherapien.de\/#\/schema\/person\/ad6f67d6b68e42a4e16ce45c29cb04fa\"},\"potentialAction\":[{\"@type\":\"SearchAction\",\"target\":{\"@type\":\"EntryPoint\",\"urlTemplate\":\"https:\/\/hoermann.kuenstlerischetherapien.de\/?s={search_term_string}\"},\"query-input\":{\"@type\":\"PropertyValueSpecification\",\"valueRequired\":true,\"valueName\":\"search_term_string\"}}],\"inLanguage\":\"de\"},{\"@type\":[\"Person\",\"Organization\"],\"@id\":\"https:\/\/hoermann.kuenstlerischetherapien.de\/#\/schema\/person\/ad6f67d6b68e42a4e16ce45c29cb04fa\",\"name\":\"hoermann\",\"image\":{\"@type\":\"ImageObject\",\"inLanguage\":\"de\",\"@id\":\"https:\/\/hoermann.kuenstlerischetherapien.de\/#\/schema\/person\/image\/\",\"url\":\"https:\/\/secure.gravatar.com\/avatar\/6c18c2e8018c28461079c3bcf12403520d10f3436982823d4db58c42987cf6e1?s=96&d=mm&r=g\",\"contentUrl\":\"https:\/\/secure.gravatar.com\/avatar\/6c18c2e8018c28461079c3bcf12403520d10f3436982823d4db58c42987cf6e1?s=96&d=mm&r=g\",\"caption\":\"hoermann\"},\"logo\":{\"@id\":\"https:\/\/hoermann.kuenstlerischetherapien.de\/#\/schema\/person\/image\/\"},\"sameAs\":[\"http:\/\/www.karl-hoermann.de\"]}]}<\/script>\n<!-- \/ Yoast SEO plugin. -->","yoast_head_json":{"title":"Verband - Karl H\u00f6rmann","robots":{"index":"index","follow":"follow","max-snippet":"max-snippet:-1","max-image-preview":"max-image-preview:large","max-video-preview":"max-video-preview:-1"},"canonical":"https:\/\/hoermann.kuenstlerischetherapien.de\/?page_id=35","og_locale":"de_DE","og_type":"article","og_title":"Verband - Karl H\u00f6rmann","og_description":"Ergebnisse meines jahrzehntelangen Engagements f\u00fcr die k\u00fcnstlerischen Therapien mit vielen ebenso engagierten KollegInnen und Weggef\u00e4hrtInnen sind hier zu entnehmen: www.kuenstlerischetherapien.de Kurze Geschichte der Aus- und Weiterbildung in K\u00fcnstlerischen Therapien&nbsp;aus pers\u00f6nlicher Erinnerung siehe auch Dokumente zur Musiktherapie &#8222;Der Zweck der Kunst ist nicht die Ausl\u00f6sung einer kurzzeitigen Adrenalinaussch\u00fcttung, sondern vielmehr die allm\u00e4hliche, ein Leben dauernde Schaffung &hellip; \u201eVerband\u201c weiterlesen","og_url":"https:\/\/hoermann.kuenstlerischetherapien.de\/?page_id=35","og_site_name":"Karl H\u00f6rmann","article_modified_time":"2026-01-04T14:22:19+00:00","twitter_card":"summary_large_image","twitter_misc":{"Gesch\u00e4tzte Lesezeit":"1\u00a0Minute"},"schema":{"@context":"https:\/\/schema.org","@graph":[{"@type":"WebPage","@id":"https:\/\/hoermann.kuenstlerischetherapien.de\/?page_id=35","url":"https:\/\/hoermann.kuenstlerischetherapien.de\/?page_id=35","name":"Verband - Karl H\u00f6rmann","isPartOf":{"@id":"https:\/\/hoermann.kuenstlerischetherapien.de\/#website"},"datePublished":"2018-11-03T17:43:50+00:00","dateModified":"2026-01-04T14:22:19+00:00","breadcrumb":{"@id":"https:\/\/hoermann.kuenstlerischetherapien.de\/?page_id=35#breadcrumb"},"inLanguage":"de","potentialAction":[{"@type":"ReadAction","target":["https:\/\/hoermann.kuenstlerischetherapien.de\/?page_id=35"]}]},{"@type":"BreadcrumbList","@id":"https:\/\/hoermann.kuenstlerischetherapien.de\/?page_id=35#breadcrumb","itemListElement":[{"@type":"ListItem","position":1,"name":"Startseite","item":"https:\/\/hoermann.kuenstlerischetherapien.de\/"},{"@type":"ListItem","position":2,"name":"Verband"}]},{"@type":"WebSite","@id":"https:\/\/hoermann.kuenstlerischetherapien.de\/#website","url":"https:\/\/hoermann.kuenstlerischetherapien.de\/","name":"Karl H\u00f6rmann","description":"Vielen Dank f\u00fcr Ihren Besuch!","publisher":{"@id":"https:\/\/hoermann.kuenstlerischetherapien.de\/#\/schema\/person\/ad6f67d6b68e42a4e16ce45c29cb04fa"},"potentialAction":[{"@type":"SearchAction","target":{"@type":"EntryPoint","urlTemplate":"https:\/\/hoermann.kuenstlerischetherapien.de\/?s={search_term_string}"},"query-input":{"@type":"PropertyValueSpecification","valueRequired":true,"valueName":"search_term_string"}}],"inLanguage":"de"},{"@type":["Person","Organization"],"@id":"https:\/\/hoermann.kuenstlerischetherapien.de\/#\/schema\/person\/ad6f67d6b68e42a4e16ce45c29cb04fa","name":"hoermann","image":{"@type":"ImageObject","inLanguage":"de","@id":"https:\/\/hoermann.kuenstlerischetherapien.de\/#\/schema\/person\/image\/","url":"https:\/\/secure.gravatar.com\/avatar\/6c18c2e8018c28461079c3bcf12403520d10f3436982823d4db58c42987cf6e1?s=96&d=mm&r=g","contentUrl":"https:\/\/secure.gravatar.com\/avatar\/6c18c2e8018c28461079c3bcf12403520d10f3436982823d4db58c42987cf6e1?s=96&d=mm&r=g","caption":"hoermann"},"logo":{"@id":"https:\/\/hoermann.kuenstlerischetherapien.de\/#\/schema\/person\/image\/"},"sameAs":["http:\/\/www.karl-hoermann.de"]}]}},"_links":{"self":[{"href":"https:\/\/hoermann.kuenstlerischetherapien.de\/index.php?rest_route=\/wp\/v2\/pages\/35","targetHints":{"allow":["GET"]}}],"collection":[{"href":"https:\/\/hoermann.kuenstlerischetherapien.de\/index.php?rest_route=\/wp\/v2\/pages"}],"about":[{"href":"https:\/\/hoermann.kuenstlerischetherapien.de\/index.php?rest_route=\/wp\/v2\/types\/page"}],"author":[{"embeddable":true,"href":"https:\/\/hoermann.kuenstlerischetherapien.de\/index.php?rest_route=\/wp\/v2\/users\/1"}],"replies":[{"embeddable":true,"href":"https:\/\/hoermann.kuenstlerischetherapien.de\/index.php?rest_route=%2Fwp%2Fv2%2Fcomments&post=35"}],"version-history":[{"count":3,"href":"https:\/\/hoermann.kuenstlerischetherapien.de\/index.php?rest_route=\/wp\/v2\/pages\/35\/revisions"}],"predecessor-version":[{"id":545,"href":"https:\/\/hoermann.kuenstlerischetherapien.de\/index.php?rest_route=\/wp\/v2\/pages\/35\/revisions\/545"}],"wp:attachment":[{"href":"https:\/\/hoermann.kuenstlerischetherapien.de\/index.php?rest_route=%2Fwp%2Fv2%2Fmedia&parent=35"}],"curies":[{"name":"wp","href":"https:\/\/api.w.org\/{rel}","templated":true}]}}

<p><span style="color: #757fa1;">Ergebnisse meines jahrzehntelangen Engagements für die künstlerischen Therapien mit vielen ebenso engagierten KollegInnen und WeggefährtInnen sind hier zu entnehmen:</span></p>



<h3 class="wp-block-heading"><a href="http://www.kuenstlerischetherapien.de">www.kuenstlerischetherapien.de</a></h3>



<h5 class="wp-block-heading"><a href="http://bkt.blog.muenster.org/wp-content/uploads/sites/12/2026/01/Musiktherapie-in-Muenster.pdf"><span style="color: #7486a1;">Kurze Geschichte der Aus- und Weiterbildung in Künstlerischen Therapien&nbsp;</span><span style="color: #7486a1;">aus persönlicher Erinnerung</span></a></h5>



<p>siehe auch <a href="http://bkt.blog.muenster.org/wp-content/uploads/sites/12/2018/11/Musiktherapie-Konzerte-gedreht.pdf"><em><span style="text-decoration: underline">Dokumente</span></em></a> zur Musiktherapie</p>



<p>&#8222;Der Zweck der Kunst ist nicht die Auslösung einer kurzzeitigen Adrenalinausschüttung, sondern vielmehr die allmähliche, ein Leben dauernde Schaffung eines Zustands des Staunens und der Heiterkeit.&#8220; (Glenn Gould)<br>[Stangl, W. (2021). Stichwort: &#8218;<em>Kunstpsychologie – Online Lexikon für Psychologie und Pädagogik&#8216;.</em>&nbsp;Online Lexikon für Psychologie und Pädagogik. www:&nbsp;<a href="https://lexikon.stangl.eu/20416/kunstpsychologie">https://lexikon.stangl.eu/20416/kunstpsychologie</a>&nbsp;(2021-04-08)]</p>

<p>Ergebnisse meines jahrzehntelangen Engagements für die künstlerischen Therapien mit vielen ebenso engagierten KollegInnen und WeggefährtInnen sind hier zu entnehmen: www.kuenstlerischetherapien.de Kurze Geschichte der Aus- und Weiterbildung in Künstlerischen Therapien&nbsp;aus persönlicher Erinnerung siehe auch Dokumente zur Musiktherapie &#8222;Der Zweck der Kunst ist nicht die Auslösung einer kurzzeitigen Adrenalinausschüttung, sondern vielmehr die allmähliche, ein Leben dauernde Schaffung &hellip; <a href="https://hoermann.kuenstlerischetherapien.de/?page_id=35" class="more-link"><span class="screen-reader-text">„Verband“ </span>weiterlesen</a></p>

<!-- This site is optimized with the Yoast SEO plugin v26.6 - https://yoast.com/wordpress/plugins/seo/ -->
<title>Verband - Karl Hörmann</title>
<meta name="robots" content="index, follow, max-snippet:-1, max-image-preview:large, max-video-preview:-1" />
<link rel="canonical" href="https://hoermann.kuenstlerischetherapien.de/?page_id=35" />
<meta property="og:locale" content="de_DE" />
<meta property="og:type" content="article" />
<meta property="og:title" content="Verband - Karl Hörmann" />
<meta property="og:description" content="Ergebnisse meines jahrzehntelangen Engagements für die künstlerischen Therapien mit vielen ebenso engagierten KollegInnen und WeggefährtInnen sind hier zu entnehmen: www.kuenstlerischetherapien.de Kurze Geschichte der Aus- und Weiterbildung in Künstlerischen Therapien&nbsp;aus persönlicher Erinnerung siehe auch Dokumente zur Musiktherapie &#8222;Der Zweck der Kunst ist nicht die Auslösung einer kurzzeitigen Adrenalinausschüttung, sondern vielmehr die allmähliche, ein Leben dauernde Schaffung &hellip; „Verband“ weiterlesen" />
<meta property="og:url" content="https://hoermann.kuenstlerischetherapien.de/?page_id=35" />
<meta property="og:site_name" content="Karl Hörmann" />
<meta property="article:modified_time" content="2026-01-04T14:22:19+00:00" />
<meta name="twitter:card" content="summary_large_image" />
<meta name="twitter:label1" content="Geschätzte Lesezeit" />
	<meta name="twitter:data1" content="1 Minute" />
<script type="application/ld+json" class="yoast-schema-graph">{"@context":"https://schema.org","@graph":[{"@type":"WebPage","@id":"https://hoermann.kuenstlerischetherapien.de/?page_id=35","url":"https://hoermann.kuenstlerischetherapien.de/?page_id=35","name":"Verband - Karl Hörmann","isPartOf":{"@id":"https://hoermann.kuenstlerischetherapien.de/#website"},"datePublished":"2018-11-03T17:43:50+00:00","dateModified":"2026-01-04T14:22:19+00:00","breadcrumb":{"@id":"https://hoermann.kuenstlerischetherapien.de/?page_id=35#breadcrumb"},"inLanguage":"de","potentialAction":[{"@type":"ReadAction","target":["https://hoermann.kuenstlerischetherapien.de/?page_id=35"]}]},{"@type":"BreadcrumbList","@id":"https://hoermann.kuenstlerischetherapien.de/?page_id=35#breadcrumb","itemListElement":[{"@type":"ListItem","position":1,"name":"Startseite","item":"https://hoermann.kuenstlerischetherapien.de/"},{"@type":"ListItem","position":2,"name":"Verband"}]},{"@type":"WebSite","@id":"https://hoermann.kuenstlerischetherapien.de/#website","url":"https://hoermann.kuenstlerischetherapien.de/","name":"Karl Hörmann","description":"Vielen Dank für Ihren Besuch!","publisher":{"@id":"https://hoermann.kuenstlerischetherapien.de/#/schema/person/ad6f67d6b68e42a4e16ce45c29cb04fa"},"potentialAction":[{"@type":"SearchAction","target":{"@type":"EntryPoint","urlTemplate":"https://hoermann.kuenstlerischetherapien.de/?s={search_term_string}"},"query-input":{"@type":"PropertyValueSpecification","valueRequired":true,"valueName":"search_term_string"}}],"inLanguage":"de"},{"@type":["Person","Organization"],"@id":"https://hoermann.kuenstlerischetherapien.de/#/schema/person/ad6f67d6b68e42a4e16ce45c29cb04fa","name":"hoermann","image":{"@type":"ImageObject","inLanguage":"de","@id":"https://hoermann.kuenstlerischetherapien.de/#/schema/person/image/","url":"https://secure.gravatar.com/avatar/6c18c2e8018c28461079c3bcf12403520d10f3436982823d4db58c42987cf6e1?s=96&d=mm&r=g","contentUrl":"https://secure.gravatar.com/avatar/6c18c2e8018c28461079c3bcf12403520d10f3436982823d4db58c42987cf6e1?s=96&d=mm&r=g","caption":"hoermann"},"logo":{"@id":"https://hoermann.kuenstlerischetherapien.de/#/schema/person/image/"},"sameAs":["http://www.karl-hoermann.de"]}]}</script>
<!-- / Yoast SEO plugin. -->

Verband - Karl Hörmann

Ergebnisse meines jahrzehntelangen Engagements für die künstlerischen Therapien mit vielen ebenso engagierten KollegInnen und WeggefährtInnen sind hier zu entnehmen: www.kuenstlerischetherapien.de Kurze Geschichte der Aus- und Weiterbildung in Künstlerischen Therapien&nbsp;aus persönlicher Erinnerung siehe auch Dokumente zur Musiktherapie &#8222;Der Zweck der Kunst ist nicht die Auslösung einer kurzzeitigen Adrenalinausschüttung, sondern vielmehr die allmähliche, ein Leben dauernde Schaffung &hellip; „Verband“ weiterlesen

Karl Hörmann

Vielen Dank für Ihren Besuch!
